{"id":16,"date":"2017-02-18T21:12:42","date_gmt":"2017-02-18T21:12:42","guid":{"rendered":"http:\/\/mauroweb.cl\/?page_id=16"},"modified":"2020-03-27T23:56:17","modified_gmt":"2020-03-27T23:56:17","slug":"produccion-de-eventos-y-banqueteria","status":"publish","type":"page","link":"https:\/\/mauroweb.cl\/index.php\/produccion-de-eventos-y-banqueteria\/","title":{"rendered":"PAGINAS WEB"},"content":{"rendered":"<div id=\"imContent\">\n<div id=\"imGroup_1\" class=\"imVGroup\">\n<div id=\"imGroup_2\" class=\"imHGroup\">\n<div id=\"imCell_3\">\n<div id=\"imCellStyle_3\">\n<div id=\"imTextObject_3\">\n<div id=\"imTextObject_3_tab0\" class=\"text-tab-content\">\n<div class=\"text-inner\">\n<div><img decoding=\"async\" id=\"imObjectImage_6\" class=\"aligncenter\" title=\"\" src=\"https:\/\/mauroweb.cl\/images\/diseno-web-profesional.png\" alt=\"\"><\/div>\n<div><span class=\"fs16 cf1\">Si no encuentra la soluci\u00f3n inmediata a su requerimiento, podemos dar respuesta a sus necesidades sin interferir en sus sistemas internos.<\/span><\/div>\n<div><span class=\"fs16 cf1\">Adem\u00e1s podemos crear un sin n\u00famero de proyectos que simulen en tiempo real las pruebas necesarias y dar garant\u00eda a sus proyectos.<\/span><\/div>\n<div><\/div>\n<div><span class=\"fs16 cf1\"><b>Servicios y Soluciones:<\/b><\/span><\/div>\n<div><\/div>\n<div><span class=\"fs16 cf1\">Internet:<\/span><\/div>\n<div><\/div>\n<div><span class=\"fs16 cf1\">* Dise\u00f1o de soluciones WEB.<\/span><\/div>\n<div><span class=\"fs16 cf1\">* Implementaci\u00f3n de Plataformas WEB: Portales tales como wordpress y Otros.<\/span><\/div>\n<div><span class=\"fs16 cf1\">* Administraci\u00f3n y Mantenci\u00f3n de servicios WEB.<\/span><\/div>\n<div><span class=\"fs16 cf1\">* Evaluaci\u00f3n y Estudios de su Sitio WEB:<\/span><\/div>\n<div><span class=\"fs16 cf1\">* Anal\u00edtica.<\/span><\/div>\n<div><span class=\"fs16 cf1\">* atencion 24\/7 por un bajo costo mensual<\/span><\/div>\n<div><span class=\"fs16 cf1\">* Accesibilidad<\/span><\/div>\n<div><b class=\"cf1\">&nbsp;<\/b><\/div>\n<div><span class=\"fs16 cf1\"><b>Aplicaciones:<\/b><\/span><\/div>\n<div><\/div>\n<div><span class=\"fs16 cf1\">* Ense\u00f1amos Computacion, nivel basico, intermedio y avanzado<\/span><\/div>\n<div><span class=\"fs16 cf1\">* Instalacion de software<\/span><\/div>\n<div><span class=\"fs16 cf1\">* Desarrollo de aplicaciones basicas y intermedias (word, excell, power point, photoshop, etc etc.)<\/span><\/div>\n<div><\/div>\n<div><span class=\"fs16 cf1\"><b>Servicios:<\/b><\/span><\/div>\n<div><\/div>\n<div><span class=\"fs16 cf1\">* Soporte usuarios.<\/span><\/div>\n<div><span class=\"fs16 cf1\">* Asesoria en Hardware y Software.<\/span><\/div>\n<div><span class=\"fs16 cf1\">* Seguridad<\/span><\/div>\n<div><span class=\"fs16 cf1\">* Redes y Laboratorios de computaci\u00f3n estaciones de trabajo para peque\u00f1a y mediana empresa.<\/span><\/div>\n<\/div>\n<\/div>\n<\/div>\n<\/div>\n<\/div>\n<div id=\"imCell_7\">\n<div id=\"imCellStyleGraphics_7\"><\/div>\n<div id=\"imCellStyle_7\"><img decoding=\"async\" id=\"imObjectImage_7\" class=\"aligncenter\" title=\"\" src=\"https:\/\/mauroweb.cl\/images\/mauroweb.png\" alt=\"\"><\/div>\n<\/div>\n<\/div>\n<div id=\"imGroup_3\" class=\"imHGroup\"><\/div>\n<\/div>\n<div id=\"imFooPad\"><\/div>\n<div class=\"imClear\"><\/div>\n<\/div>\n<div id=\"imFooter\"><\/div>\n","protected":false},"excerpt":{"rendered":"<p>Si no encuentra la soluci\u00f3n inmediata a su requerimiento, podemos dar respuesta a sus necesidades sin interferir en sus sistemas internos. Adem\u00e1s podemos crear un sin n\u00famero de proyectos que simulen en tiempo real las pruebas necesarias y dar garant\u00eda a sus proyectos. Servicios y Soluciones: Internet: * Dise\u00f1o de soluciones WEB. * Implementaci\u00f3n de [&hellip;]<\/p>\n","protected":false},"author":1,"featured_media":0,"parent":0,"menu_order":0,"comment_status":"closed","ping_status":"closed","template":"","meta":{"_et_pb_use_builder":"","_et_pb_old_content":"","_et_gb_content_width":"","footnotes":""},"class_list":["post-16","page","type-page","status-publish","hentry"],"_links":{"self":[{"href":"https:\/\/mauroweb.cl\/index.php\/wp-json\/wp\/v2\/pages\/16","targetHints":{"allow":["GET"]}}],"collection":[{"href":"https:\/\/mauroweb.cl\/index.php\/wp-json\/wp\/v2\/pages"}],"about":[{"href":"https:\/\/mauroweb.cl\/index.php\/wp-json\/wp\/v2\/types\/page"}],"author":[{"embeddable":true,"href":"https:\/\/mauroweb.cl\/index.php\/wp-json\/wp\/v2\/users\/1"}],"replies":[{"embeddable":true,"href":"https:\/\/mauroweb.cl\/index.php\/wp-json\/wp\/v2\/comments?post=16"}],"version-history":[{"count":5,"href":"https:\/\/mauroweb.cl\/index.php\/wp-json\/wp\/v2\/pages\/16\/revisions"}],"predecessor-version":[{"id":282,"href":"https:\/\/mauroweb.cl\/index.php\/wp-json\/wp\/v2\/pages\/16\/revisions\/282"}],"wp:attachment":[{"href":"https:\/\/mauroweb.cl\/index.php\/wp-json\/wp\/v2\/media?parent=16"}],"curies":[{"name":"wp","href":"https:\/\/api.w.org\/{rel}","templated":true}]}}