{"id":29,"date":"2017-03-04T03:59:27","date_gmt":"2017-03-04T03:59:27","guid":{"rendered":"http:\/\/mauroweb.cl\/?page_id=29"},"modified":"2017-03-04T04:03:07","modified_gmt":"2017-03-04T04:03:07","slug":"hosting","status":"publish","type":"page","link":"https:\/\/mauroweb.cl\/index.php\/hosting\/","title":{"rendered":"Hosting"},"content":{"rendered":"<h3 id=\"imPgTitle\" style=\"text-align: center;\">El servicio de Hosting implica el alquiler de un espacio en el disco r\u00edgido de un servidor conectado directamente a la red de Internet para alojar tu sitio web.<\/h3>\n<p><img decoding=\"async\" id=\"imObjectImage_2\" class=\"aligncenter\" title=\"\" src=\"https:\/\/mauroweb.cl\/images\/web-hosting.png\" alt=\"\" \/><\/p>\n<div id=\"imGroup_1\" class=\"imVGroup\">\n<div id=\"imGroup_2\" class=\"imHGroup\">\n<div id=\"imCell_1\">\n<div id=\"imCellStyle_1\">\n<div id=\"imTextObject_1\">\n<div id=\"imTextObject_1_tab0\" class=\"text-tab-content\">\n<div class=\"text-inner\">\n<div><span class=\"fs16 cf1\">Cuanto mejor sea el servidor donde alojas tu p\u00e1gina Web te beneficiar\u00e1s con mayores prestaciones y mejor tiempo de respuesta de tu sitio hacia tus visitantes en la web.<\/span><\/div>\n<div><span class=\"fs16 cf1\"><strong>mauroweb.cl,<\/strong> cuenta con servidores de \u00faltima generaci\u00f3n conectados directamente a Internet a trav\u00e9s de m\u00faltiples l\u00edneas redundantes asegurando un \u00f3ptimo nivel de rendimiento.<\/span><\/div>\n<div><\/div>\n<div><strong><span class=\"fs16 cf1\">\u00bfCu\u00e1ndo se activa mi servicio de hosting?<\/span><\/strong><\/div>\n<div><\/div>\n<div><span class=\"fs16 cf1\"><span class=\"ff1\">Su plan de hosting se activa <\/span><strong><span class=\"ff1\">minutos despu\u00e9s de recibir su informe de pago<\/span><\/strong><span class=\"ff1\"> por la orden de compra recibida.<\/span><\/span><\/div>\n<div><span class=\"fs16 cf1 ff1\">Recuerde que algunos medios de pago deben ser informados y otros no.<\/span><\/div>\n<div><\/div>\n<div>\n<div><span class=\"fs16 cf1\"><b>Registro de Dominio<\/b><\/span><\/div>\n<div><span class=\"fs16 cf1\"><b>\u00a0<\/b><\/span><\/div>\n<div><span class=\"fs16 cf1 ff1\">Gestionamos la inscripci\u00f3n de su dominio (nombre). Este puede ser punto CL (Chile), punto COM, punto NET y\/o punto ORG, haci\u00e9ndonos cargo de todos los tr\u00e1mites asociados.<\/span><\/div>\n<div><span class=\"fs16 cf1 ff1\">Servidores de Nombre y Configuraci\u00f3n de DNS para su dominio.<\/span><\/div>\n<div><span class=\"fs16 cf1 ff1\">Si su dominio no posee DNS, le ofrecemos la configuraci\u00f3n de los servidores de nombre primario y secundario necesarios para alojar su dominio.<\/span><\/div>\n<div><span class=\"fs16 cf1 ff1\">Visite para ver el Registro de su Dominio .cl:<\/span><\/div>\n<div><\/div>\n<div><\/div>\n<div><span class=\"fs16 cf1 ff1\">www.nic.cl<\/span><\/div>\n<div>\n<div><span class=\"cf1\"><span class=\"fs16\">En<\/span> <b><span class=\"fs16\">Mauroweb Soluciones Computacionales<\/span><\/b><span class=\"fs16\">, tenemos el servicio todo en un solo pago anual.<\/span><\/span><\/div>\n<div><span class=\"fs16 cf1\">* Compramos el dominio<\/span><\/div>\n<div><span class=\"fs16 cf1\">* Agregamos al Hosting<\/span><\/div>\n<div><span class=\"fs16 cf1\">* Creamos su Imagen Corporativa<\/span><\/div>\n<div><span class=\"fs16 cf1\">* Hacemos una pagina web dinamica en base a plantilas.<\/span><\/div>\n<div><span class=\"fs16 cf1\">* Creamos las cuentas de correo<\/span><\/div>\n<div><span class=\"fs16 cf1\">* Mantencion por 3 meses 24\/7.<\/span><\/div>\n<div><span class=\"fs16 cf1\">* Por un pago mensual le administramos su pagina 24\/7<\/span><\/div>\n<div><span class=\"fs16 cf1\">1 solo pago anual le da derecho a todos esos beneficios, seriedad confianza y responsabilidad, tenemos una oferta de acuerdo a sus necesidades.<\/span><\/div>\n<div><span class=\"fs16 cf1\">puede realizar sus consultas via whatsapp a nuestro numero telefonico.<\/span><\/div>\n<div style=\"text-align: center;\"><a href=\"https:\/\/mauroweb.cl\/wp-content\/uploads\/2017\/03\/mauroweb.png\"><img loading=\"lazy\" decoding=\"async\" class=\"alignnone size-medium wp-image-30\" src=\"https:\/\/mauroweb.cl\/wp-content\/uploads\/2017\/03\/mauroweb-300x292.png\" alt=\"mauroweb\" width=\"300\" height=\"292\" srcset=\"https:\/\/mauroweb.cl\/wp-content\/uploads\/2017\/03\/mauroweb-300x292.png 300w, https:\/\/mauroweb.cl\/wp-content\/uploads\/2017\/03\/mauroweb-230x224.png 230w, https:\/\/mauroweb.cl\/wp-content\/uploads\/2017\/03\/mauroweb-350x340.png 350w, https:\/\/mauroweb.cl\/wp-content\/uploads\/2017\/03\/mauroweb.png 425w\" sizes=\"(max-width: 300px) 100vw, 300px\" \/><\/a><\/div>\n<div style=\"text-align: center;\"><\/div>\n<div style=\"text-align: center;\"><\/div>\n<\/div>\n<\/div>\n<div>\n<div>\n<div><\/div>\n<\/div>\n<\/div>\n<\/div>\n<\/div>\n<\/div>\n<\/div>\n<\/div>\n<\/div>\n<\/div>\n","protected":false},"excerpt":{"rendered":"<p>El servicio de Hosting implica el alquiler de un espacio en el disco r\u00edgido de un servidor conectado directamente a la red de Internet para alojar tu sitio web. Cuanto mejor sea el servidor donde alojas tu p\u00e1gina Web te beneficiar\u00e1s con mayores prestaciones y mejor tiempo de respuesta de tu sitio hacia tus visitantes [&hellip;]<\/p>\n","protected":false},"author":1,"featured_media":0,"parent":0,"menu_order":0,"comment_status":"closed","ping_status":"closed","template":"","meta":{"_et_pb_use_builder":"","_et_pb_old_content":"","_et_gb_content_width":"","footnotes":""},"class_list":["post-29","page","type-page","status-publish","hentry"],"_links":{"self":[{"href":"https:\/\/mauroweb.cl\/index.php\/wp-json\/wp\/v2\/pages\/29","targetHints":{"allow":["GET"]}}],"collection":[{"href":"https:\/\/mauroweb.cl\/index.php\/wp-json\/wp\/v2\/pages"}],"about":[{"href":"https:\/\/mauroweb.cl\/index.php\/wp-json\/wp\/v2\/types\/page"}],"author":[{"embeddable":true,"href":"https:\/\/mauroweb.cl\/index.php\/wp-json\/wp\/v2\/users\/1"}],"replies":[{"embeddable":true,"href":"https:\/\/mauroweb.cl\/index.php\/wp-json\/wp\/v2\/comments?post=29"}],"version-history":[{"count":5,"href":"https:\/\/mauroweb.cl\/index.php\/wp-json\/wp\/v2\/pages\/29\/revisions"}],"predecessor-version":[{"id":36,"href":"https:\/\/mauroweb.cl\/index.php\/wp-json\/wp\/v2\/pages\/29\/revisions\/36"}],"wp:attachment":[{"href":"https:\/\/mauroweb.cl\/index.php\/wp-json\/wp\/v2\/media?parent=29"}],"curies":[{"name":"wp","href":"https:\/\/api.w.org\/{rel}","templated":true}]}}